 (2 + 18)*x/10?
9
Let t = -19 - -40. Calculate the remainder when 62 is divided by t.
20
Suppose 15 = 2*z - 3*a, 3*a = 2*a - 3. Suppose i - 32 = -z*i. What is the remainder when 31 is divided by i?
7
Let n be -2 + 2*(-1 + -1). Let x = -8 - -14. Calculate the remainder when (n - 11)/(0 + -1) is divided by x.
5
Let n be ((-4)/14)/(1/(-7)). Suppose -3*g - 4 = 4*j, 5*j + 24 = n*g + j. Calculate the remainder when 10 is divided by g.
2
Suppose -5*f - 8 = 7. Suppose 0*d = -4*d + 84. Calculate the remainder when d is divided by (-3)/(-9) + (-32)/f.
10
Let w = -32 - -34. Suppose -2*z = z. Suppose z*l + 50 = w*l. What is the remainder when l is divided by 14?
11
Let t be -6*(3/(-2) + 1). Suppose t*g + 2*g = -s + 133, 101 = 4*g - s. What is the remainder when 51 is divided by g?
25
Let w(a) = -a**3 + 9*a**2 - 8*a - 5. Calculate the remainder when w(6) is divided by 19.
17
Let t = 65 - 26. Calculate the remainder when t is divided by 14.
11
Suppose 4*y = 5 + 3. Suppose 0*c = -y*j + 2*c + 18, -51 = -3*j - 5*c. Calculate the remainder when 35 is divided by j.
11
Suppose -v + 3 = 2*v. Calculate the remainder when 1 is divided by v.
0
Suppose 5*b + 123 = 273. Calculate the remainder when b is divided by (-6)/27 + (-292)/(-18).
14
Let u(t) = 2*t - 7 + 3*t**3 - 3*t**2 + 2 + 2. Let k be u(2). Let g = k + -8. What is the remainder when 14 is divided by g?
4
Suppose -3*p = -2*p. Let u = p + 1. Calculate the remainder when -2 + 19 + u + 1 is divided by 7.
5
Let i(n) be the first derivative of n**4/4 + 2*n**3 + 3*n**2/2 - 3*n - 1. What is the remainder when i(-5) is divided by 4?
3
Let t = -84 + 122. What is the remainder when 149 is divided by t?
35
What is the remainder when 20 is divided by (57/(-12) + 4)/(2/(-32))?
8
Let a = 32 - 19. Calculate the remainder when 25 is divided by a.
12
Let a be 3 + -2 - (2 + -92). Suppose -5*v + v + 4*p = -212, -2*v - 3*p = -a. What is the remainder when v is divided by 17?
16
Let j(z) be the second derivative of z**4/12 + z**3/6 + 19*z**2/2 - z. Calculate the remainder when j(0) is divided by 10.
9
Let i = -11 + 17. Suppose -i = 3*w, w + w = -5*b + 31. What is the remainder when 11 is divided by b?
4
Suppose -2 = -a, -s + 3*s - 174 = 3*a. Calculate the remainder when s is divided by 23.
21
Let n(a) = 8*a**2 - 1. Suppose 0 = 4*i - 2*d - 3*d - 21, -3*d - 11 = -4*i. Calculate the remainder when 11 is divided by n(i).
4
Let m(v) = v**3 - 4*v**2 + 6*v + 3. Let r be ((-24)/(-10))/((-6)/(-15)). Let i be m(r). Suppose -i - 104 = -5*b. What is the remainder when b is divided by 11?
10
Let a = 83 - 75. Calculate the remainder when 12 is divided by a.
4
What is the remainder when 10 is divided by (-20)/(-90) - (-104)/18?
4
Let q(a) = 3*a**2 - 3*a + 5. Calculate the remainder when 19 is divided by q(2).
8
Suppose 0*c - c - 83 = -3*p, -4*c + 19 = p. What is the remainder when 104 is divided by p?
23
Calculate the remainder when 11 is divided by 14/(-161) - (-142)/46.
2
Let r be (-54)/(-8) - (-1)/4. Suppose -r*b = -4*b. What is the remainder when 6 is divided by -1 - -1 - -2 - b?
0
Let t = -3 - -1. Let z(j) = -2*j - 2. Let m(h) = 2*h - 6. Calculate the remainder when z(t) is divided by m(4).
0
Let y be 1/2 + 7/14. Suppose y + 47 = g. Calculate the remainder when g is divided by 17.
14
Suppose -4*q + 5*q = -2*k + 8, -2*k + 5*q = 16. Let c = 8 - k. What is the remainder when 15 is divided by c?
3
Suppose -3*b - 10 = -2*b. What is the remainder when 24 is divided by (-67)/(-5) - b/(-25)?
11
Let f = 24 - 15. Calculate the remainder when 16 is divided by f.
7
Let m(r) = -r**2 - 4*r - 3. Let j be m(-3). Suppose j = -5*w + 27 + 63. Suppose 3*q = -40 + 199. What is the remainder when q is divided by w?
17
Suppose 81 = 2*u - 7. What is the remainder when u is divided by 23?
21
Suppose 0 = 3*q - 6 - 45. What is the remainder when 43 is divided by q?
9
Suppose -3*c = -2*a - c + 20, 25 = 4*a - c. Suppose -5*s = 4*n - 0*s - 22, -a*s = -2*n + 26. Calculate the remainder when n is divided by 6.
2
Let u = -450 - -648. Let c = u - 132. Calculate the remainder when c is divided by 23.
20
Let p(b) = b**2 - 11*b + 10. Let x be p(9). Let d(v) = v**3 - 6*v**2 - 9*v - 7. Let n be d(7). Let q = x - n. Calculate the remainder when q is divided by 7.
6
Let j = 4 - 3. Calculate the remainder when 5 is divided by j/(33/(-12) - -3).
1
Let r(u) = -u**2 - 4*u + 9. Let q be r(5). Let v = 102 + q. What is the remainder when v is divided by 17?
15
Let y(a) = a - 1. Let p = 19 + -10. What is the remainder when 15 is divided by y(p)?
7
Let i(w) = 2*w. Let x(c) = c - 5. Let o be x(4). Let g be i(o). What is the remainder when 39 is divided by (0 - 0) + (-40)/g?
19
Let y be (-2 + 1)/(16/(-32)). Suppose -4*k - 3*r + 328 = k, y*k + r = 132. What is the remainder when k is divided by 14?
12
Let f(p) = -p + 1. Let h = -1 - -1. Suppose h = -0*j - 2*j + 2. What is the remainder when f(0) is divided by j?
0
Suppose 4*v - 7 - 57 = 0. Suppose s - 3*s = -v. Suppose 0 = -4*b + 2*b + s. What is the remainder when 10 is divided by b?
2
Suppose 0 = -4*i - 4*y + 781 - 9, 576 = 3*i + 4*y. Calculate the remainder when i is divided by 9.
7
What is the remainder when 196*(0 + 5/10) is divided by 34?
30
Let f(s) be the second derivative of -s**3/3 - 2*s**2 + 3*s. Calculate the remainder when 18 is divided by f(-7).
8
Let o = -105 - -151. Suppose k - 1 = -0. Let w(s) = 15*s**2 + 2*s - 1. What is the remainder when o is divided by w(k)?
14
Suppose -5*x - 296 = -2*p - 10*x, -2*x = -5*p + 798. Calculate the remainder when p is divided by 40.
38
Let q = -34 - -59. Let f = -25 + 38. Calculate the remainder when q is divided by f.
12
Let b be -4 - -1*(-2)/(-2). Calculate the remainder when 20 is divided by ((-7)/3)/(b/9).
6
Suppose 4*j + 15 = 7*j. Suppose 2*i - 4*w = 6, 5*w - j = -0. Let f = 5 + 8. What is the remainder when f is divided by i?
3
Suppose 0 = 4*b - 280 - 28. Suppose 3*u - u = 5*t + 51, 5*t + b = 4*u. Calculate the remainder when 24 is divided by u.
11
Let y = 32 + -26. What is the remainder when 28 is divided by y?
4
Let v = 8 + 6. Suppose p - 19 = 3*q, -5*p + v + 47 = 2*q. What is the remainder when ((-2)/(-2))/(1/23) is divided by p?
10
Let a(q) = -5*q**2 + 5*q + 7. Let g(t) = 4*t**2 - 5*t - 7. Let d(m) = 3*a(m) + 4*g(m). Calculate the remainder when 19 is divided by d(7).
5
Let p(d) = -9*d**2 - d**3 - 3 - d + 2*d + 3*d - 6*d. Calculate the remainder when p(-9) is divided by 9.
6
Let a(o) = -o. What is the remainder when 8 is divided by a(-5)?
3
Suppose 131 = 4*c - 49. Suppose -6 = -3*r + c. What is the remainder when 33 is divided by r?
16
Suppose -5*d - 32 = 4*f, -20 - 8 = 4*d + 4*f. Calculate the remainder when d/6 - (-286)/6 is divided by 16.
15
Let p = -7 + 10. Let x = -1 + 5. Calculate the remainder when x is divided by p.
1
Let z be 3 + 4/(-2) - -7. Suppose 140 = 5*d - l - 4*l, -5*d = -3*l - 138. Suppose -d = -s + z. What is the remainder when s is divided by 12?
11
Suppose -3*z = -5*d + 4 + 12, 2*d - 2*z = 8. Suppose 58 = 2*h + d*h + 2*o, 41 = 2*h - 3*o. Calculate the remainder when 62 is divided by h.
14
Suppose -3*d = -3*f - 135, -d - 4*f + 4 = -21. Suppose 2*y = r - 18, 0 = -r - 4*y - 0*y + 6. Calculate the remainder when d is divided by r.
13
Suppose 0 = -0*j - 2*j + 66. What is the remainder when 129 is divided by j?
30
Suppose 17*b + 30 = 22*b. Calculate the remainder when b is divided by 2.
0
Suppose -t + 4 = 1. Let k(v) be the second derivative of -v**5/20 + v**4/2 + 7*v**2/2 + v. What is the remainder when k(6) is divided by t?
1
Suppose -w + 0*d = 3*d - 9, 3*w + 13 = -d. Let a(t) = -t**3 - 7*t**2 - 9*t - 8. What is the remainder when 29 is divided by a(w)?
9
Let d = 158 + -64. Let q = d - 59. What is the remainder when q is divided by 12?
11
Let u(x) = -x**2 - x + 64. Let k = 0 - -2. Suppose k*i - 3*r - 57 = -7, 3*r = 5*i - 116. What is the remainder when u(0) is divided by i?
20
Let l = 5 + 12. Let m = l - 1. Calculate the remainder when 62 is divided by m.
14
Let l be 6*(3 - 42/(-9)). Suppose 2*z - l = 34. Let o = -19 + 33. What is the remainder when z is divided by o?
12
Let v be -3 + (9 - (2 + 1)). Suppose v*i - 13 = 14. What is the remainder when 15 is divided by i?
6
Let x(d) = 90*d**2 + d + 1. Calculate the remainder when x(-1) is divided by 23.
21
Let k = 2 